4. Give d(-13).
25
Let b(r) = 82*r**2 + 2*r - 1. What is b(2)?
331
Let q(d) = 11*d**2 + 150*d - 482. Give q(3).
67
Let w(b) = -8*b - 409. Give w(-48).
-25
Let l(q) = -337*q**2 - 4*q + 19. What is l(0)?
19
Let q(p) = 10*p**3 + 197*p**2 - 54*p + 131. What is q(-20)?
11
Let l(v) = v**3 - 10*v**2 - 9*v + 21. Calculate l(13).
411
Let w(c) = 2*c**2 + 74*c + 241. Determine w(-34).
37
Let y(a) = -884*a - 21244. Give y(-24).
-28
Let t(x) = -x**3 - 2*x**2 + 8*x - 97. Calculate t(0).
-97
Let g(s) = 2*s**2 + 15*s - 13. Give g(-8).
-5
Let y(t) = -t**2 + 82*t - 898. Calculate y(13).
-1
Let c(f) = 2*f**3 - 7*f**2 - 6*f + 46. Calculate c(5).
91
Let s(q) = -115*q - 1382. Give s(-12).
-2
Let v(p) = -450*p + 12142. What is v(27)?
-8
Let m(d) = 47*d**2 - 152*d - 1. Give m(5).
414
Let k(z) = -z**2 + 40*z - 203. Determine k(6).
1
Let k(v) = 37*v - 1944. Calculate k(52).
-20
Let q(i) = 140*i - 1659. What is q(12)?
21
Let k(d) = d**2 + 164*d + 2049. Determine k(-14).
-51
Let u(y) = y**3 - 47*y**2 - 134*y - 801. Determine u(50).
-1
Let v(j) = 13*j**2 - 327*j + 2062. Give v(13).
8
Let y(j) = 2*j**3 + 5*j**2 - 2*j - 5. Calculate y(3).
88
Let z(x) = -2*x**2 + 48*x + 98. Calculate z(25).
48
Let r(n) = 719*n + 7134. Calculate r(-10).
-56
Let w(h) = -h**3 + 42*h**2 + 85*h - 2. Determine w(-2).
4
Let k(n) = -184*n**2 + 193*n. Determine k(1).
9
Let n(s) = 12*s + 196. What is n(-21)?
-56
Let p(i) = -i**2 - 39*i - 150. Give p(-5).
20
Let s(a) = 3*a**2 - 49*a + 229. Calculate s(5).
59
Let d(l) = -l**3 - 30*l**2 + 27*l + 68. Calculate d(2).
-6
Let t(p) = p**2 + 189*p + 1118. Calculate t(-6).
20
Let y(m) = -m**3 - 11*m**2 - 24*m - 82. Determine y(-8).
-82
Let t(x) = 345*x + 1058. Give t(-5).
-667
Let a(u) = -u**2 + 108*u - 1625. Determine a(90).
-5
Let n(m) = 2295*m + 29820. Give n(-13).
-15
Let j(x) = -x**2 + 4*x + 107. Give j(0).
107
Let a(z) = 2*z**3 + 58*z**2 - 59*z + 23. Calculate a(-30).
-7
Let j(v) = -v**3 - 6*v**2 + 61*v + 453. What is j(-7)?
75
Let p(f) = 3*f**3 - 11*f**2 - 19*f + 47. Determine p(5).
52
Let a(f) = -f**2 + 20*f + 346. Give a(-11).
5
Let z(d) = -d**2 + 96*d + 1930. What is z(-17)?
9
Let n(d) = -134*d - 1372. Determine n(-10).
-32
Let y(j) = 2*j**3 - 264*j**2 + 254*j + 1049. Give y(131).
1
Let v(p) = 537*p + 24702. Calculate v(-46).
0
Let u(h) = 6*h**3 + 28*h**2 + 26*h + 110. Calculate u(-5).
-70
Let z(j) = -j**3 + 14*j**2 - 25*j + 6. Determine z(12).
-6
Let g(b) = b**3 + 89*b**2 - 2571*b - 59. Determine g(23).
56
Let j(p) = -p**2 - 48*p - 215. Give j(-7).
72
Let p(f) = f**3 + 38*f**2 - 662*f + 107. Calculate p(-51).
56
Let u(n) = -3355*n + 3384. What is u(1)?
29
Let l(w) = w**2 - 201*w + 5157. Calculate l(30).
27
Let w(k) = 18*k - 140. Calculate w(8).
4
Let l(w) = w**3 + 6*w**2 - 4*w - 27. Calculate l(2).
-3
Let v(i) = -i**3 + i**2 + 217*i - 846. Give v(4).
-26
Let v(o) = o**3 + 29*o**2 + 51*o - 107. What is v(-27)?
-26
Let n(t) = 2*t**2 + 11*t - 220. Calculate n(8).
-4
Let v(f) = f**2 - 34*f + 149. What is v(12)?
-115
Let y(a) = -2*a**3 + 4*a**2 + 7*a + 4. Determine y(3).
7
Let z(d) = -d**3 + 6*d**2 + 30*d - 34. Calculate z(9).
-7
Let r(z) = -z**2 - 39*z + 473. Calculate r(-49).
-17
Let f(x) = 6*x**2 + 116*x + 21. Give f(-19).
-17
Let f(x) = -93*x + 9577. What is f(103)?
-2
Let x(w) = -87*w**2 + 1130*w + 16. Determine x(13).
3
Let j(v) = -v**3 - 158*v**2 + 648*v + 7. Calculate j(-162).
7
Let c(s) = s**2 + 422*s + 40907. Determine c(-151).
-14
Let b(f) = f**3 + 64*f**2 + 127*f + 171. What is b(-62)?
-15
Let w(o) = -620*o + 695. Determine w(1).
75
Let h(w) = w**3 + 6*w**2 - 342*w + 230. What is h(-22)?
10
Let z(h) = -2*h**2 - 37*h - 74. Calculate z(-17).
-23
Let z(l) = -l**2 + 25*l + 233. What is z(-5)?
83
Let x(n) = -813*n - 10. Determine x(0).
-10
Let k(c) = c**3 - 58*c**2 - 45*c - 798. Give k(59).
28
Let b(n) = -2*n**3 - 42*n**2 + 324*n - 19. What is b(-27)?
-19
Let k(m) = -114*m - 1049. Give k(-10).
91
Let l(d) = -2*d**3 - 55*d**2 - 312*d - 12. Calculate l(-8).
-12
Let p(c) = 445*c + 53403. Calculate p(-120).
3
Let t(g) = -2*g**2 - 218*g - 3415. Give t(-90).
5
Let h(c) = -c**3 + 37*c**2 - 47*c + 413. Determine h(36).
17
Let l(i) = -i**3 - 52*i**2 - 99*i + 29. Determine l(-50).
-21
Let y(d) = d**2 + 31*d + 235. Determine y(-23).
51
Let v(r) = -r**3 + 10*r**2 + 22*r + 9. Calculate v(12).
-15
Let h(b) = 15*b**3 + 7*b**2 - 17*b. Give h(2).
114
Let y(s) = -44*s - 25. Give y(4).
-201
Let w(d) = -d**3 - 38*d**2 - 341*d - 20. Give w(-15).
-80
Let o(f) = -6*f**2 - 236*f + 40. What is o(-39)?
118
Let x(p) = -118*p - 6254. Determine x(-53).
0
Let w(m) = m**3 + 24*m**2 - 5*m - 110. Determine w(-24).
10
Let n(v) = -295*v**3 + 45*v + 46. Determine n(-1).
296
Let g(b) = 4*b + 11. What is g(-11)?
-33
Let o(s) = -4*s**2 + 25*s - 70. Determine o(4).
-34
Let y(d) = d**2 + 51*d - 1379. Give y(-71).
41
Let k(m) = m**2 - 6*m + 2. What is k(7)?
9
Let c(h) = h**3 + 14*h**2 - 9*h - 3. Calculate c(-15).
-93
Let y(a) = 6*a + 179. What is y(-21)?
53
Let c(h) = -9*h**2 - 1062*h - 2082. Calculate c(-116).
6
Let z(b) = -2*b**2 - 87*b - 507. Calculate z(-37).
-26
Let h(r) = -r - 7. What is h(-24)?
17
Let w(v) = -84*v + 233. Determine w(0).
233
Let f(c) = -37*c**2 + 16*c - 50. What is f(3)?
-335
Let p(u) = -13*u - 44. Calculate p(3).
-83
Let l(o) = 57*o**2 + 663*o - 29. Determine l(-12).
223
Let j(g) = 179*g + 383. Give j(-2).
25
Let n(g) = 16*g + 151. What is n(0)?
151
Let w(k) = 27*k**2 + 24*k - 44. Determine w(2).
112
Let y(a) = -2776*a + 16659. Give y(6).
3
Let k(o) = -7*o**2 + 37*o - 66. Calculate k(5).
-56
Let m(n) = n**2 - 50*n + 325. Calculate m(7).
24
Let l(n) = 3*n**2 + 42*n - 53. Determine l(-15).
-8
Let n(v) = -v**3 + 10*v**2 - 13*v + 3. Determine n(5).
63
Let p(z) = -27*z**2 + 18*z + 12. Determine p(-2).
-132
Let z(q) = -q**3 - 31*q**2 - 58*q - 847. Give z(-30).
-7
Let w(r) = 2*r**3 + 5*r**2 - 7*r - 2. Give w(-6).
-212
Let n(h) = h**2 - 100*h + 807. Give n(91).
-12
Let g(q) = -5*q**2 - 196*q - 1300. What is g(-7)?
-173
Let c(d) = -21*d**2 + 114*d + 42. What is c(6)?
-30
Let u(w) = 58*w - 261. What is u(3)?
-87
Let i(d) = -2*d**2 - 59*d - 106. Determine i(-23).
193
Let z(q) = q**2 + 23*q + 105. Give z(-12).
-27
Let n(h) = 139*h - 13647. Determine n(98).
-25
Let c(l) = -21*l - 637. What is c(-32)?
35
Let p(t) = 10*t**3 + 125*t**2 - 15*t + 650. Determine p(-13).
0
Let t(y) = 5*y**2 + 23*y - 23. Give t(1).
5
Let k(h) = -91*h - 564. Give k(-9).
255
Let v(l) = -l**3 - 28*l**2 - 11*l - 332. Calculate v(-28).
-24
Let r(w) = 68*w + 1834. Give r(-27).
-2
Let b(o) = o**3 - 2*o**2 + o - 3. Give b(1).
-3
Let w(j) = -221*j - 21. Calculate w(-2).
421
Let z(x) = -2*x**3 + 3*x**2 + 3*x - 28. What is z(3)?
-46
Let x(p) = 80*p**2 - 3*p. What is x(1)?
77
Let c(t) = t**3 + 5*t**2 + 182*t + 913. Calculate c(-5).
3
Let l(i) = -i**2 + 218*i + 3766. Calculate l(-16).
22
Let k(d) = d**3 - 32*d**2 + 107*d + 143. Determine k(28).
3
Let u(k) = -k**2 - 762*k - 130766. Calculate u(-261).
-5
Let k(o) = -29*o - 1663. Determine k(-60).
77
Let r(d) = 5*d**3 + 12*d**2 - 3*d + 4. Determine r(-3).
-14
Let s(i) = 21*i - 170. Give s(18).
208
Let q(r) = -r**2 - 34*r + 4183. What is q(50)?
-17
Let g(l) = -l**3 + 8*l**2 - 4424*l + 30913. Calculate g(7).
-6
Let b(a) = -6*a**2 - 258*a - 259. Calculate b(-42).
-7
Let x(n) = -3*n**2 - 7*n + 34. Give x(4).
-42
Let u(a) = 324*a + 6506. Give u(-20).
26
Let r(o) = 11*o**2 - 17*o + 2. Determine r(2).
12
Let f(p) = -8*p**2 + 138*p - 30. Determine f(17).
4
Let z(r) = -r**3 + 44*r**2 - 5*r + 152. Give z(44).
-68
Let s(l) = l**2 - 38*l + 309. Determine s(15).
-36
Let k(a) = -a**2 + 123*a - 473. Give k(0).
-473
Let b(m) = -m**2 + 7*m - 39. Calculate b(-6).
-117
Let z(i) = 4*i**3 - 512*i**2 + 1498*i + 251. What is z(125)?
1
Let h(p) = -13961*p + 83766. Determine h(6).
0
Let z(w) = w**3 + 34*w**2 - 177*w - 4972. What is z(-35)?
-2
Let g(d) = -d**2 + 59*d + 682. Give g(-10).
-8
Let g(t) = 4*t**2 - 72*t + 50. What is g(18)?
50
Let m(c) = c**3 - 142*c**2 - 134*c - 1270. What is m(143)?
17
Let y(k) = -62*k - 3426. Determine y(-52).
-202
Let o(s) = -s**3 - 7*s**2 - 7*s + 12. Determine o(-5).
-3
Let q(j) = 6*j**2 - 1201*j + 2397. Calculate q(2).
19
Let u(p) = -p**3 + 5*p**2 + 39*p - 14. What is u(4)?
158
Let q(g) = -59*g - 772. What is q(-5)?
-477
Let x(k) = -4*k**3 - 16*k**2 - 59*k